 7020 and 115956?
36
Calculate the greatest common divisor of 24900 and 61005.
1245
What is the greatest common factor of 27153 and 18?
9
What is the highest common factor of 183 and 31964?
61
Calculate the greatest common factor of 73508 and 476.
68
Calculate the greatest common factor of 1666002 and 156.
78
Calculate the greatest common factor of 33117 and 1596.
399
Calculate the highest common factor of 12294 and 402.
6
Calculate the greatest common factor of 290 and 1162726.
58
Calculate the highest common divisor of 256 and 1081184.
32
Calculate the greatest common factor of 506 and 60973.
253
Calculate the highest common divisor of 234 and 335894.
26
Calculate the greatest common factor of 31568 and 96.
16
Calculate the greatest common divisor of 5296 and 1655.
331
Calculate the highest common factor of 1738979 and 745.
149
Calculate the highest common divisor of 7282 and 2794.
22
What is the greatest common divisor of 500 and 3125?
125
What is the highest common divisor of 296 and 704776?
296
What is the greatest common factor of 6312 and 10158?
6
Calculate the greatest common factor of 31898 and 1271.
41
Calculate the highest common factor of 230 and 3238170.
230
Calculate the highest common divisor of 3956 and 1376.
172
Calculate the highest common divisor of 103 and 358543.
103
What is the greatest common factor of 13908 and 745908?
732
Calculate the highest common factor of 16426 and 33043.
191
What is the highest common factor of 335356 and 252?
28
Calculate the greatest common divisor of 78507 and 40077.
549
Calculate the greatest common factor of 94820 and 396.
44
Calculate the greatest common factor of 4 and 3982.
2
Calculate the highest common divisor of 371217 and 924.
231
Calculate the highest common divisor of 162 and 1088739.
9
Calculate the greatest common divisor of 288 and 20214.
18
Calculate the highest common divisor of 8 and 5897032.
8
What is the highest common factor of 13024 and 5346?
22
Calculate the greatest common factor of 218912 and 40.
8
What is the highest common divisor of 96 and 228832?
32
What is the highest common divisor of 36 and 9882?
18
Calculate the greatest common divisor of 42 and 31738.
14
Calculate the greatest common factor of 179535 and 300.
15
What is the greatest common factor of 600 and 79350?
150
Calculate the greatest common factor of 28380 and 1716.
132
Calculate the greatest common factor of 585 and 78795.
45
What is the greatest common factor of 160965 and 1764?
441
What is the greatest common factor of 290 and 20710?
10
What is the greatest common factor of 1253665 and 1462?
731
Calculate the highest common factor of 34632 and 318348.
1332
Calculate the greatest common factor of 907083 and 18.
9
Calculate the greatest common divisor of 3706073 and 4244.
1061
What is the greatest common factor of 23360 and 120?
40
Calculate the highest common divisor of 11 and 3771493.
11
What is the greatest common factor of 441529 and 1573?
121
Calculate the highest common divisor of 21320 and 2050.
410
What is the highest common divisor of 483406 and 946?
946
What is the highest common factor of 1093554 and 3?
3
What is the greatest common factor of 8672 and 16?
16
Calculate the greatest common divisor of 27267 and 5.
1
Calculate the greatest common factor of 190567 and 9727.
137
Calculate the greatest common factor of 641158 and 2870.
574
What is the highest common factor of 3912 and 9528?
24
Calculate the greatest common factor of 6090 and 9860.
290
Calculate the highest common factor of 576 and 172368.
144
Calculate the highest common factor of 3368 and 8553878.
842
What is the highest common divisor of 59320 and 2280?
40
Calculate the highest common divisor of 14453 and 1192.
149
Calculate the greatest common factor of 21 and 14424.
3
Calculate the highest common factor of 87899 and 2.
1
What is the highest common divisor of 12032 and 133312?
64
Calculate the greatest common divisor of 9735 and 1239.
177
What is the highest common factor of 244958 and 392?
14
Calculate the greatest common divisor of 23176 and 88.
8
Calculate the highest common divisor of 257455 and 71423.
1661
Calculate the greatest common divisor of 13695 and 405.
15
What is the greatest common factor of 132 and 133111?
11
What is the greatest common divisor of 4 and 129304?
4
Calculate the highest common factor of 111 and 88269.
3
What is the greatest common divisor of 460 and 32420?
20
What is the highest common factor of 749 and 1871537?
107
What is the greatest common factor of 104 and 61672?
104
What is the greatest common divisor of 5724 and 8964?
108
Calculate the greatest common divisor of 972 and 246321.
81
Calculate the highest common factor of 116 and 3322037.
29
Calculate the greatest common divisor of 193889 and 41.
41
Calculate the greatest common factor of 3325 and 2225.
25
What is the greatest common divisor of 36 and 2885232?
12
Calculate the greatest common divisor of 1735 and 45.
5
Calculate the greatest common divisor of 17280 and 3480.
120
Calculate the greatest common factor of 9872 and 322691.
617
What is the highest common factor of 82303 and 2873?
169
What is the greatest common factor of 11944 and 184?
8
Calculate the highest common divisor of 576570 and 330.
30
Calculate the highest common divisor of 26 and 564109.
13
Calculate the highest common factor of 166826 and 66.
22
Calculate the highest common factor of 13 and 589459.
13
Calculate the highest common divisor of 2392 and 5720.
104
What is the greatest common divisor of 2295163 and 13?
13
Calculate the highest common factor of 1658292 and 6.
6
What is the greatest common factor of 844 and 16?
4
Calculate the highest common divisor of 3294 and 12042.
54
Calculate the highest common factor of 2827819 and 29.
29
Calculate the greatest common divisor of 56 and 230531.
7
What is the highest common divisor of 48018 and 906?
906
Calculate the highest common divisor of 1698 and 791834.
566
Calculate the greatest common factor of 7480 and 165.
55
Calculate the highest common factor of 1470 and 693252.
294
Calculate the highest common factor of 1780 and 23540.
20
What is the greatest common factor of 924 and 200420?
44
What is the greatest common divisor of 22648 and 894?
298
Calculate the highest common factor of 86868 and 288.
36
Calculate the highest common factor of 130 and 189085.
65
Calculate the highest common divisor of 363 and 39.
3
What is the highest common factor of 1618 and 9625482?
1618
Calculate the highest common divisor of 1425116 and 392.
196
Calculate the highest common factor of 50 and 128.
2
Calculate the greatest common divisor of 1963325 and 1575.
175
What is the highest common factor of 1968 and 282777?
123
What is the highest common factor of 32112 and 320?
16
Calculate the greatest common factor of 205685 and 310.
155
Calculate the greatest common divisor of 27 and 19521.
27
What is the highest common factor of 195800 and 125?
25
Calculate the highest common divisor of 246307 and 23.
23
Calculate the greatest common divisor of 21328 and 1720.
344
Calculate the highest common factor of 22130 and 110.
10
What is the greatest common divisor of 128960 and 2144?
32
Calculate the highest common divisor of 45 and 428645.
5
Calculate the greatest common factor of 432395 and 170.
85
What is the highest common divisor of 1965 and 170?
5
What is the highest common factor of 991 and 2876873?
991
Calculate the greatest common factor of 456 and 30478128.
456
What is the highest common factor of 81893 and 7?
7
What is the highest common divisor of 10986 and 510?
6
Calculate the greatest common factor of 8 and 46072.
8
Calculate the highest common divisor of 112 and 187568.
16
What is the highest common factor of 4464 and 16?
16
What is the greatest common factor of 1181466 and 891?
891
What is the highest common divisor of 759 and 18492?
69
Calculate the highest common factor of 9 and 3578.
1
What is the greatest common factor of 36764 and 1169?
7
Calculate the greatest common factor of 548355 and 1112.
139
What is the greatest common factor of 550 and 37450?
50
Calculate the highest common divisor of 296357 and 236.
59
What is the highest common factor of 922 and 1559102?
922
What is the greatest common divisor of 31431778 and 826?
826
Ca